{"id":11938,"date":"2022-02-24T11:56:26","date_gmt":"2022-02-24T11:56:26","guid":{"rendered":"https:\/\/museupelligualada.cat\/wp-content\/uploads\/fedc85deaa80f16467c865f06bb6989aa7ea4d9e480529785d72fa3cdef5e48c-0.jpg"},"modified":"2022-02-24T12:08:22","modified_gmt":"2022-02-24T12:08:22","slug":"fedc85deaa80f16467c865f06bb6989aa7ea4d9e480529785d72fa3cdef5e48c-0-2","status":"inherit","type":"attachment","link":"https:\/\/museupelligualada.cat\/en\/fedc85deaa80f16467c865f06bb6989aa7ea4d9e480529785d72fa3cdef5e48c-0-2\/","title":{"rendered":"fedc85deaa80f16467c865f06bb6989aa7ea4d9e480529785d72fa3cdef5e48c-0"},"author":1,"featured_media":0,"comment_status":"closed","ping_status":"closed","template":"","meta":[],"class_list":["post-11938","attachment","type-attachment","status-inherit","hentry"],"description":{"rendered":"<p class=\"attachment\"><a href='https:\/\/museupelligualada.cat\/wp-content\/uploads\/fedc85deaa80f16467c865f06bb6989aa7ea4d9e480529785d72fa3cdef5e48c-0.jpg'><img loading=\"lazy\" decoding=\"async\" width=\"800\" height=\"746\" src=\"https:\/\/museupelligualada.cat\/wp-content\/uploads\/fedc85deaa80f16467c865f06bb6989aa7ea4d9e480529785d72fa3cdef5e48c-0-800x746.jpg\" class=\"attachment-medium size-medium\" alt=\"\" srcset=\"https:\/\/museupelligualada.cat\/wp-content\/uploads\/fedc85deaa80f16467c865f06bb6989aa7ea4d9e480529785d72fa3cdef5e48c-0-800x746.jpg 800w, https:\/\/museupelligualada.cat\/wp-content\/uploads\/fedc85deaa80f16467c865f06bb6989aa7ea4d9e480529785d72fa3cdef5e48c-0-340x317.jpg 340w, https:\/\/museupelligualada.cat\/wp-content\/uploads\/fedc85deaa80f16467c865f06bb6989aa7ea4d9e480529785d72fa3cdef5e48c-0-768x717.jpg 768w, https:\/\/museupelligualada.cat\/wp-content\/uploads\/fedc85deaa80f16467c865f06bb6989aa7ea4d9e480529785d72fa3cdef5e48c-0.jpg 1000w\" sizes=\"auto, (max-width: 800px) 100vw, 800px\" \/><\/a><\/p>\n"},"caption":{"rendered":"<p>Cal\u00e7at d&#8217;home presentat a la primera edici\u00f3 del concurs &#8220;Oscar al mejor dise\u00f1o de zapatos&#8221; 1972.  <\/p>\n"},"alt_text":"","media_type":"image","mime_type":"image\/jpeg","media_details":{"width":1000,"height":933,"file":"fedc85deaa80f16467c865f06bb6989aa7ea4d9e480529785d72fa3cdef5e48c-0.jpg","sizes":{"medium":{"file":"fedc85deaa80f16467c865f06bb6989aa7ea4d9e480529785d72fa3cdef5e48c-0-800x746.jpg","width":800,"height":746,"mime_type":"image\/jpeg","source_url":"https:\/\/museupelligualada.cat\/wp-content\/uploads\/fedc85deaa80f16467c865f06bb6989aa7ea4d9e480529785d72fa3cdef5e48c-0-800x746.jpg"},"thumbnail":{"file":"fedc85deaa80f16467c865f06bb6989aa7ea4d9e480529785d72fa3cdef5e48c-0-340x317.jpg","width":340,"height":317,"mime_type":"image\/jpeg","source_url":"https:\/\/museupelligualada.cat\/wp-content\/uploads\/fedc85deaa80f16467c865f06bb6989aa7ea4d9e480529785d72fa3cdef5e48c-0-340x317.jpg"},"medium_large":{"file":"fedc85deaa80f16467c865f06bb6989aa7ea4d9e480529785d72fa3cdef5e48c-0-768x717.jpg","width":768,"height":717,"mime_type":"image\/jpeg","source_url":"https:\/\/museupelligualada.cat\/wp-content\/uploads\/fedc85deaa80f16467c865f06bb6989aa7ea4d9e480529785d72fa3cdef5e48c-0-768x717.jpg"},"full":{"file":"fedc85deaa80f16467c865f06bb6989aa7ea4d9e480529785d72fa3cdef5e48c-0.jpg","width":1000,"height":933,"mime_type":"image\/jpeg","source_url":"https:\/\/museupelligualada.cat\/wp-content\/uploads\/fedc85deaa80f16467c865f06bb6989aa7ea4d9e480529785d72fa3cdef5e48c-0.jpg"}},"image_meta":{"aperture":"1.8","credit":"","camera":"iPhone 11","caption":"","created_timestamp":"1645522773","copyright":"","focal_length":"4.25","iso":"100","shutter_speed":"0.02","title":"","orientation":"0","keywords":[]}},"post":null,"source_url":"https:\/\/museupelligualada.cat\/wp-content\/uploads\/fedc85deaa80f16467c865f06bb6989aa7ea4d9e480529785d72fa3cdef5e48c-0.jpg","_links":{"self":[{"href":"https:\/\/museupelligualada.cat\/en\/wp-json\/wp\/v2\/media\/11938","targetHints":{"allow":["GET"]}}],"collection":[{"href":"https:\/\/museupelligualada.cat\/en\/wp-json\/wp\/v2\/media"}],"about":[{"href":"https:\/\/museupelligualada.cat\/en\/wp-json\/wp\/v2\/types\/attachment"}],"author":[{"embeddable":true,"href":"https:\/\/museupelligualada.cat\/en\/wp-json\/wp\/v2\/users\/1"}],"replies":[{"embeddable":true,"href":"https:\/\/museupelligualada.cat\/en\/wp-json\/wp\/v2\/comments?post=11938"}]}}

<p>Calçat d&#8217;home presentat a la primera edició del concurs &#8220;Oscar al mejor diseño de zapatos&#8221; 1972.  </p>
