{"id":14664,"date":"2022-05-25T12:00:29","date_gmt":"2022-05-25T12:00:29","guid":{"rendered":"https:\/\/museupelligualada.cat\/wp-content\/uploads\/image00005-2.jpeg"},"modified":"2022-06-03T11:12:04","modified_gmt":"2022-06-03T11:12:04","slug":"image00005-3-2","status":"inherit","type":"attachment","link":"https:\/\/museupelligualada.cat\/en\/image00005-3-2\/","title":{"rendered":"image00005"},"author":1,"featured_media":0,"comment_status":"closed","ping_status":"closed","template":"","meta":[],"class_list":["post-14664","attachment","type-attachment","status-inherit","hentry"],"description":{"rendered":"<p class=\"attachment\"><a href='https:\/\/museupelligualada.cat\/wp-content\/uploads\/image00005-2.jpeg'><img loading=\"lazy\" decoding=\"async\" width=\"506\" height=\"800\" src=\"https:\/\/museupelligualada.cat\/wp-content\/uploads\/image00005-2-506x800.jpeg\" class=\"attachment-medium size-medium\" alt=\"\" srcset=\"https:\/\/museupelligualada.cat\/wp-content\/uploads\/image00005-2-506x800.jpeg 506w, https:\/\/museupelligualada.cat\/wp-content\/uploads\/image00005-2-215x340.jpeg 215w, https:\/\/museupelligualada.cat\/wp-content\/uploads\/image00005-2-768x1215.jpeg 768w, https:\/\/museupelligualada.cat\/wp-content\/uploads\/image00005-2-971x1536.jpeg 971w, https:\/\/museupelligualada.cat\/wp-content\/uploads\/image00005-2.jpeg 1003w\" sizes=\"auto, (max-width: 506px) 100vw, 506px\" \/><\/a><\/p>\n"},"caption":{"rendered":"<p>Baralla espanyola de la F\u00e0brica de naips d&#8217;Alejo Gabarr\u00f3 i Castell\u00f3. s.XIX. <\/p>\n"},"alt_text":"","media_type":"image","mime_type":"image\/jpeg","media_details":{"width":1003,"height":1587,"file":"image00005-2.jpeg","filesize":242096,"sizes":{"medium":{"file":"image00005-2-506x800.jpeg","width":506,"height":800,"filesize":39194,"mime_type":"image\/jpeg","source_url":"https:\/\/museupelligualada.cat\/wp-content\/uploads\/image00005-2-506x800.jpeg"},"thumbnail":{"file":"image00005-2-215x340.jpeg","width":215,"height":340,"filesize":10209,"mime_type":"image\/jpeg","source_url":"https:\/\/museupelligualada.cat\/wp-content\/uploads\/image00005-2-215x340.jpeg"},"medium_large":{"file":"image00005-2-768x1215.jpeg","width":768,"height":1215,"filesize":77245,"mime_type":"image\/jpeg","source_url":"https:\/\/museupelligualada.cat\/wp-content\/uploads\/image00005-2-768x1215.jpeg"},"1536x1536":{"file":"image00005-2-971x1536.jpeg","width":971,"height":1536,"filesize":111234,"mime_type":"image\/jpeg","source_url":"https:\/\/museupelligualada.cat\/wp-content\/uploads\/image00005-2-971x1536.jpeg"},"full":{"file":"image00005-2.jpeg","width":1003,"height":1587,"mime_type":"image\/jpeg","source_url":"https:\/\/museupelligualada.cat\/wp-content\/uploads\/image00005-2.jpeg"}},"image_meta":{"aperture":"0","credit":"","camera":"","caption":"","created_timestamp":"0","copyright":"","focal_length":"0","iso":"0","shutter_speed":"0","title":"","orientation":"1","keywords":[]}},"post":null,"source_url":"https:\/\/museupelligualada.cat\/wp-content\/uploads\/image00005-2.jpeg","_links":{"self":[{"href":"https:\/\/museupelligualada.cat\/en\/wp-json\/wp\/v2\/media\/14664","targetHints":{"allow":["GET"]}}],"collection":[{"href":"https:\/\/museupelligualada.cat\/en\/wp-json\/wp\/v2\/media"}],"about":[{"href":"https:\/\/museupelligualada.cat\/en\/wp-json\/wp\/v2\/types\/attachment"}],"author":[{"embeddable":true,"href":"https:\/\/museupelligualada.cat\/en\/wp-json\/wp\/v2\/users\/1"}],"replies":[{"embeddable":true,"href":"https:\/\/museupelligualada.cat\/en\/wp-json\/wp\/v2\/comments?post=14664"}]}}

<p>Baralla espanyola de la Fàbrica de naips d&#8217;Alejo Gabarró i Castelló. s.XIX. </p>
