{"id":14649,"date":"2022-05-25T12:00:21","date_gmt":"2022-05-25T12:00:21","guid":{"rendered":"https:\/\/museupelligualada.cat\/wp-content\/uploads\/image00001-2.jpeg"},"modified":"2022-06-03T10:44:55","modified_gmt":"2022-06-03T10:44:55","slug":"image00001-3-2","status":"inherit","type":"attachment","link":"https:\/\/museupelligualada.cat\/fr\/image00001-3-2\/","title":{"rendered":"image00001"},"author":1,"featured_media":0,"comment_status":"closed","ping_status":"closed","template":"","meta":[],"class_list":["post-14649","attachment","type-attachment","status-inherit","hentry"],"description":{"rendered":"<p class=\"attachment\"><a href='https:\/\/museupelligualada.cat\/wp-content\/uploads\/image00001-2.jpeg'><img loading=\"lazy\" decoding=\"async\" width=\"800\" height=\"643\" src=\"https:\/\/museupelligualada.cat\/wp-content\/uploads\/image00001-2-800x643.jpeg\" class=\"attachment-medium size-medium\" alt=\"\" srcset=\"https:\/\/museupelligualada.cat\/wp-content\/uploads\/image00001-2-800x643.jpeg 800w, https:\/\/museupelligualada.cat\/wp-content\/uploads\/image00001-2-1600x1286.jpeg 1600w, https:\/\/museupelligualada.cat\/wp-content\/uploads\/image00001-2-340x273.jpeg 340w, https:\/\/museupelligualada.cat\/wp-content\/uploads\/image00001-2-768x617.jpeg 768w, https:\/\/museupelligualada.cat\/wp-content\/uploads\/image00001-2-1536x1235.jpeg 1536w, https:\/\/museupelligualada.cat\/wp-content\/uploads\/image00001-2.jpeg 1790w\" sizes=\"auto, (max-width: 800px) 100vw, 800px\" \/><\/a><\/p>\n"},"caption":{"rendered":"<p>Baralla espanyola de la F\u00e0brica de naips d&rsquo;Alejo Gabarr\u00f3 i Castell\u00f3. s.XIX. <\/p>\n"},"alt_text":"","media_type":"image","mime_type":"image\/jpeg","media_details":{"width":1790,"height":1439,"file":"image00001-2.jpeg","filesize":416233,"sizes":{"medium":{"file":"image00001-2-800x643.jpeg","width":800,"height":643,"filesize":104218,"mime_type":"image\/jpeg","source_url":"https:\/\/museupelligualada.cat\/wp-content\/uploads\/image00001-2-800x643.jpeg"},"large":{"file":"image00001-2-1600x1286.jpeg","width":1600,"height":1286,"filesize":254005,"mime_type":"image\/jpeg","source_url":"https:\/\/museupelligualada.cat\/wp-content\/uploads\/image00001-2-1600x1286.jpeg"},"thumbnail":{"file":"image00001-2-340x273.jpeg","width":340,"height":273,"filesize":45220,"mime_type":"image\/jpeg","source_url":"https:\/\/museupelligualada.cat\/wp-content\/uploads\/image00001-2-340x273.jpeg"},"medium_large":{"file":"image00001-2-768x617.jpeg","width":768,"height":617,"filesize":98960,"mime_type":"image\/jpeg","source_url":"https:\/\/museupelligualada.cat\/wp-content\/uploads\/image00001-2-768x617.jpeg"},"1536x1536":{"file":"image00001-2-1536x1235.jpeg","width":1536,"height":1235,"filesize":240263,"mime_type":"image\/jpeg","source_url":"https:\/\/museupelligualada.cat\/wp-content\/uploads\/image00001-2-1536x1235.jpeg"},"full":{"file":"image00001-2.jpeg","width":1790,"height":1439,"mime_type":"image\/jpeg","source_url":"https:\/\/museupelligualada.cat\/wp-content\/uploads\/image00001-2.jpeg"}},"image_meta":{"aperture":"0","credit":"","camera":"","caption":"","created_timestamp":"1653476934","copyright":"","focal_length":"0","iso":"0","shutter_speed":"0","title":"","orientation":"1","keywords":[]}},"post":null,"source_url":"https:\/\/museupelligualada.cat\/wp-content\/uploads\/image00001-2.jpeg","_links":{"self":[{"href":"https:\/\/museupelligualada.cat\/fr\/wp-json\/wp\/v2\/media\/14649","targetHints":{"allow":["GET"]}}],"collection":[{"href":"https:\/\/museupelligualada.cat\/fr\/wp-json\/wp\/v2\/media"}],"about":[{"href":"https:\/\/museupelligualada.cat\/fr\/wp-json\/wp\/v2\/types\/attachment"}],"author":[{"embeddable":true,"href":"https:\/\/museupelligualada.cat\/fr\/wp-json\/wp\/v2\/users\/1"}],"replies":[{"embeddable":true,"href":"https:\/\/museupelligualada.cat\/fr\/wp-json\/wp\/v2\/comments?post=14649"}]}}

<p>Baralla espanyola de la Fàbrica de naips d&rsquo;Alejo Gabarró i Castelló. s.XIX. </p>
