{"id":14657,"date":"2022-05-25T12:00:25","date_gmt":"2022-05-25T12:00:25","guid":{"rendered":"https:\/\/museupelligualada.cat\/wp-content\/uploads\/image00003-3.jpeg"},"modified":"2022-06-03T11:12:05","modified_gmt":"2022-06-03T11:12:05","slug":"image00003-4-2","status":"inherit","type":"attachment","link":"https:\/\/museupelligualada.cat\/fr\/image00003-4-2\/","title":{"rendered":"image00003"},"author":1,"featured_media":0,"comment_status":"closed","ping_status":"closed","template":"","meta":[],"class_list":["post-14657","attachment","type-attachment","status-inherit","hentry"],"description":{"rendered":"<p class=\"attachment\"><a href='https:\/\/museupelligualada.cat\/wp-content\/uploads\/image00003-3.jpeg'><img loading=\"lazy\" decoding=\"async\" width=\"528\" height=\"800\" src=\"https:\/\/museupelligualada.cat\/wp-content\/uploads\/image00003-3-528x800.jpeg\" class=\"attachment-medium size-medium\" alt=\"\" srcset=\"https:\/\/museupelligualada.cat\/wp-content\/uploads\/image00003-3-528x800.jpeg 528w, https:\/\/museupelligualada.cat\/wp-content\/uploads\/image00003-3-1056x1600.jpeg 1056w, https:\/\/museupelligualada.cat\/wp-content\/uploads\/image00003-3-224x340.jpeg 224w, https:\/\/museupelligualada.cat\/wp-content\/uploads\/image00003-3-768x1164.jpeg 768w, https:\/\/museupelligualada.cat\/wp-content\/uploads\/image00003-3-1013x1536.jpeg 1013w, https:\/\/museupelligualada.cat\/wp-content\/uploads\/image00003-3.jpeg 1140w\" sizes=\"auto, (max-width: 528px) 100vw, 528px\" \/><\/a><\/p>\n"},"caption":{"rendered":"<p>Baralla espanyola de la F\u00e0brica de naips d&rsquo;Alejo Gabarr\u00f3 i Castell\u00f3. s.XIX. <\/p>\n"},"alt_text":"","media_type":"image","mime_type":"image\/jpeg","media_details":{"width":1140,"height":1728,"file":"image00003-3.jpeg","filesize":322385,"sizes":{"medium":{"file":"image00003-3-528x800.jpeg","width":528,"height":800,"filesize":49960,"mime_type":"image\/jpeg","source_url":"https:\/\/museupelligualada.cat\/wp-content\/uploads\/image00003-3-528x800.jpeg"},"large":{"file":"image00003-3-1056x1600.jpeg","width":1056,"height":1600,"filesize":144839,"mime_type":"image\/jpeg","source_url":"https:\/\/museupelligualada.cat\/wp-content\/uploads\/image00003-3-1056x1600.jpeg"},"thumbnail":{"file":"image00003-3-224x340.jpeg","width":224,"height":340,"filesize":13677,"mime_type":"image\/jpeg","source_url":"https:\/\/museupelligualada.cat\/wp-content\/uploads\/image00003-3-224x340.jpeg"},"medium_large":{"file":"image00003-3-768x1164.jpeg","width":768,"height":1164,"filesize":89215,"mime_type":"image\/jpeg","source_url":"https:\/\/museupelligualada.cat\/wp-content\/uploads\/image00003-3-768x1164.jpeg"},"1536x1536":{"file":"image00003-3-1013x1536.jpeg","width":1013,"height":1536,"filesize":136113,"mime_type":"image\/jpeg","source_url":"https:\/\/museupelligualada.cat\/wp-content\/uploads\/image00003-3-1013x1536.jpeg"},"full":{"file":"image00003-3.jpeg","width":1140,"height":1728,"mime_type":"image\/jpeg","source_url":"https:\/\/museupelligualada.cat\/wp-content\/uploads\/image00003-3.jpeg"}},"image_meta":{"aperture":"0","credit":"","camera":"","caption":"","created_timestamp":"0","copyright":"","focal_length":"0","iso":"0","shutter_speed":"0","title":"","orientation":"1","keywords":[]}},"post":null,"source_url":"https:\/\/museupelligualada.cat\/wp-content\/uploads\/image00003-3.jpeg","_links":{"self":[{"href":"https:\/\/museupelligualada.cat\/fr\/wp-json\/wp\/v2\/media\/14657","targetHints":{"allow":["GET"]}}],"collection":[{"href":"https:\/\/museupelligualada.cat\/fr\/wp-json\/wp\/v2\/media"}],"about":[{"href":"https:\/\/museupelligualada.cat\/fr\/wp-json\/wp\/v2\/types\/attachment"}],"author":[{"embeddable":true,"href":"https:\/\/museupelligualada.cat\/fr\/wp-json\/wp\/v2\/users\/1"}],"replies":[{"embeddable":true,"href":"https:\/\/museupelligualada.cat\/fr\/wp-json\/wp\/v2\/comments?post=14657"}]}}

<p>Baralla espanyola de la Fàbrica de naips d&rsquo;Alejo Gabarró i Castelló. s.XIX. </p>
