{"id":14677,"date":"2022-05-25T12:00:37","date_gmt":"2022-05-25T12:00:37","guid":{"rendered":"https:\/\/museupelligualada.cat\/wp-content\/uploads\/image00008-2.jpeg"},"modified":"2022-06-03T10:44:51","modified_gmt":"2022-06-03T10:44:51","slug":"image00008-3-2","status":"inherit","type":"attachment","link":"https:\/\/museupelligualada.cat\/fr\/image00008-3-2\/","title":{"rendered":"image00008"},"author":1,"featured_media":0,"comment_status":"closed","ping_status":"closed","template":"","meta":[],"class_list":["post-14677","attachment","type-attachment","status-inherit","hentry"],"description":{"rendered":"<p class=\"attachment\"><a href='https:\/\/museupelligualada.cat\/wp-content\/uploads\/image00008-2.jpeg'><img loading=\"lazy\" decoding=\"async\" width=\"800\" height=\"387\" src=\"https:\/\/museupelligualada.cat\/wp-content\/uploads\/image00008-2-800x387.jpeg\" class=\"attachment-medium size-medium\" alt=\"\" srcset=\"https:\/\/museupelligualada.cat\/wp-content\/uploads\/image00008-2-800x387.jpeg 800w, https:\/\/museupelligualada.cat\/wp-content\/uploads\/image00008-2-1600x774.jpeg 1600w, https:\/\/museupelligualada.cat\/wp-content\/uploads\/image00008-2-340x164.jpeg 340w, https:\/\/museupelligualada.cat\/wp-content\/uploads\/image00008-2-768x372.jpeg 768w, https:\/\/museupelligualada.cat\/wp-content\/uploads\/image00008-2-1536x743.jpeg 1536w, https:\/\/museupelligualada.cat\/wp-content\/uploads\/image00008-2-2048x991.jpeg 2048w\" sizes=\"auto, (max-width: 800px) 100vw, 800px\" \/><\/a><\/p>\n"},"caption":{"rendered":"<p>Baralla espanyola de la F\u00e0brica de naips d&rsquo;Alejo Gabarr\u00f3 i Castell\u00f3. s.XIX. <\/p>\n"},"alt_text":"","media_type":"image","mime_type":"image\/jpeg","media_details":{"width":2274,"height":1100,"file":"image00008-2.jpeg","filesize":489848,"sizes":{"medium":{"file":"image00008-2-800x387.jpeg","width":800,"height":387,"filesize":50803,"mime_type":"image\/jpeg","source_url":"https:\/\/museupelligualada.cat\/wp-content\/uploads\/image00008-2-800x387.jpeg"},"large":{"file":"image00008-2-1600x774.jpeg","width":1600,"height":774,"filesize":153863,"mime_type":"image\/jpeg","source_url":"https:\/\/museupelligualada.cat\/wp-content\/uploads\/image00008-2-1600x774.jpeg"},"thumbnail":{"file":"image00008-2-340x164.jpeg","width":340,"height":164,"filesize":11857,"mime_type":"image\/jpeg","source_url":"https:\/\/museupelligualada.cat\/wp-content\/uploads\/image00008-2-340x164.jpeg"},"medium_large":{"file":"image00008-2-768x372.jpeg","width":768,"height":372,"filesize":46569,"mime_type":"image\/jpeg","source_url":"https:\/\/museupelligualada.cat\/wp-content\/uploads\/image00008-2-768x372.jpeg"},"1536x1536":{"file":"image00008-2-1536x743.jpeg","width":1536,"height":743,"filesize":143682,"mime_type":"image\/jpeg","source_url":"https:\/\/museupelligualada.cat\/wp-content\/uploads\/image00008-2-1536x743.jpeg"},"2048x2048":{"file":"image00008-2-2048x991.jpeg","width":2048,"height":991,"filesize":222630,"mime_type":"image\/jpeg","source_url":"https:\/\/museupelligualada.cat\/wp-content\/uploads\/image00008-2-2048x991.jpeg"},"full":{"file":"image00008-2.jpeg","width":2274,"height":1100,"mime_type":"image\/jpeg","source_url":"https:\/\/museupelligualada.cat\/wp-content\/uploads\/image00008-2.jpeg"}},"image_meta":{"aperture":"0","credit":"","camera":"","caption":"","created_timestamp":"0","copyright":"","focal_length":"0","iso":"0","shutter_speed":"0","title":"","orientation":"1","keywords":[]}},"post":null,"source_url":"https:\/\/museupelligualada.cat\/wp-content\/uploads\/image00008-2.jpeg","_links":{"self":[{"href":"https:\/\/museupelligualada.cat\/fr\/wp-json\/wp\/v2\/media\/14677","targetHints":{"allow":["GET"]}}],"collection":[{"href":"https:\/\/museupelligualada.cat\/fr\/wp-json\/wp\/v2\/media"}],"about":[{"href":"https:\/\/museupelligualada.cat\/fr\/wp-json\/wp\/v2\/types\/attachment"}],"author":[{"embeddable":true,"href":"https:\/\/museupelligualada.cat\/fr\/wp-json\/wp\/v2\/users\/1"}],"replies":[{"embeddable":true,"href":"https:\/\/museupelligualada.cat\/fr\/wp-json\/wp\/v2\/comments?post=14677"}]}}

<p>Baralla espanyola de la Fàbrica de naips d&rsquo;Alejo Gabarró i Castelló. s.XIX. </p>
