{"id":14737,"date":"2022-05-25T12:02:29","date_gmt":"2022-05-25T12:02:29","guid":{"rendered":"https:\/\/museupelligualada.cat\/wp-content\/uploads\/image00023-1.jpeg"},"modified":"2022-06-03T11:12:08","modified_gmt":"2022-06-03T11:12:08","slug":"image00023-2-2","status":"inherit","type":"attachment","link":"https:\/\/museupelligualada.cat\/fr\/image00023-2-2\/","title":{"rendered":"image00023"},"author":1,"featured_media":0,"comment_status":"closed","ping_status":"closed","template":"","meta":[],"class_list":["post-14737","attachment","type-attachment","status-inherit","hentry"],"description":{"rendered":"<p class=\"attachment\"><a href='https:\/\/museupelligualada.cat\/wp-content\/uploads\/image00023-1-scaled.jpeg'><img loading=\"lazy\" decoding=\"async\" width=\"800\" height=\"568\" src=\"https:\/\/museupelligualada.cat\/wp-content\/uploads\/image00023-1-800x568.jpeg\" class=\"attachment-medium size-medium\" alt=\"\" srcset=\"https:\/\/museupelligualada.cat\/wp-content\/uploads\/image00023-1-800x568.jpeg 800w, https:\/\/museupelligualada.cat\/wp-content\/uploads\/image00023-1-1600x1137.jpeg 1600w, https:\/\/museupelligualada.cat\/wp-content\/uploads\/image00023-1-340x242.jpeg 340w, https:\/\/museupelligualada.cat\/wp-content\/uploads\/image00023-1-768x546.jpeg 768w, https:\/\/museupelligualada.cat\/wp-content\/uploads\/image00023-1-1536x1091.jpeg 1536w, https:\/\/museupelligualada.cat\/wp-content\/uploads\/image00023-1-2048x1455.jpeg 2048w\" sizes=\"auto, (max-width: 800px) 100vw, 800px\" \/><\/a><\/p>\n"},"caption":{"rendered":"<p>Baralla espanyola de la F\u00e0brica de naips d&rsquo;Alejo Gabarr\u00f3 i Castell\u00f3. s.XIX. <\/p>\n"},"alt_text":"","media_type":"image","mime_type":"image\/jpeg","media_details":{"width":2560,"height":1819,"file":"image00023-1-scaled.jpeg","filesize":521962,"sizes":{"medium":{"file":"image00023-1-800x568.jpeg","width":800,"height":568,"filesize":84962,"mime_type":"image\/jpeg","source_url":"https:\/\/museupelligualada.cat\/wp-content\/uploads\/image00023-1-800x568.jpeg"},"large":{"file":"image00023-1-1600x1137.jpeg","width":1600,"height":1137,"filesize":236859,"mime_type":"image\/jpeg","source_url":"https:\/\/museupelligualada.cat\/wp-content\/uploads\/image00023-1-1600x1137.jpeg"},"thumbnail":{"file":"image00023-1-340x242.jpeg","width":340,"height":242,"filesize":30628,"mime_type":"image\/jpeg","source_url":"https:\/\/museupelligualada.cat\/wp-content\/uploads\/image00023-1-340x242.jpeg"},"medium_large":{"file":"image00023-1-768x546.jpeg","width":768,"height":546,"filesize":80900,"mime_type":"image\/jpeg","source_url":"https:\/\/museupelligualada.cat\/wp-content\/uploads\/image00023-1-768x546.jpeg"},"1536x1536":{"file":"image00023-1-1536x1091.jpeg","width":1536,"height":1091,"filesize":221871,"mime_type":"image\/jpeg","source_url":"https:\/\/museupelligualada.cat\/wp-content\/uploads\/image00023-1-1536x1091.jpeg"},"2048x2048":{"file":"image00023-1-2048x1455.jpeg","width":2048,"height":1455,"filesize":353622,"mime_type":"image\/jpeg","source_url":"https:\/\/museupelligualada.cat\/wp-content\/uploads\/image00023-1-2048x1455.jpeg"},"full":{"file":"image00023-1-scaled.jpeg","width":2560,"height":1819,"mime_type":"image\/jpeg","source_url":"https:\/\/museupelligualada.cat\/wp-content\/uploads\/image00023-1-scaled.jpeg"}},"image_meta":{"aperture":"0","credit":"","camera":"","caption":"","created_timestamp":"0","copyright":"","focal_length":"0","iso":"0","shutter_speed":"0","title":"","orientation":"1","keywords":[]},"original_image":"image00023-1.jpeg"},"post":null,"source_url":"https:\/\/museupelligualada.cat\/wp-content\/uploads\/image00023-1-scaled.jpeg","_links":{"self":[{"href":"https:\/\/museupelligualada.cat\/fr\/wp-json\/wp\/v2\/media\/14737","targetHints":{"allow":["GET"]}}],"collection":[{"href":"https:\/\/museupelligualada.cat\/fr\/wp-json\/wp\/v2\/media"}],"about":[{"href":"https:\/\/museupelligualada.cat\/fr\/wp-json\/wp\/v2\/types\/attachment"}],"author":[{"embeddable":true,"href":"https:\/\/museupelligualada.cat\/fr\/wp-json\/wp\/v2\/users\/1"}],"replies":[{"embeddable":true,"href":"https:\/\/museupelligualada.cat\/fr\/wp-json\/wp\/v2\/comments?post=14737"}]}}

<p>Baralla espanyola de la Fàbrica de naips d&rsquo;Alejo Gabarró i Castelló. s.XIX. </p>
